{"id":104,"date":"2016-09-11T12:54:31","date_gmt":"2016-09-11T12:54:31","guid":{"rendered":"http:\/\/jaszkonyvtar.hu\/site4\/?page_id=104"},"modified":"2016-09-16T13:01:05","modified_gmt":"2016-09-16T13:01:05","slug":"nr-270-2","status":"publish","type":"page","link":"https:\/\/berenypenztargep.hu\/index.php\/nr-270-2\/","title":{"rendered":"NR-270"},"content":{"rendered":"<p><img loading=\"lazy\" decoding=\"async\" src=\"https:\/\/berenypenztargep.hu\/wp-content\/uploads\/2016\/09\/NR-270.jpg\" alt=\"NR-270\" width=\"423\" height=\"600\" \/><\/p>\n<p style=\"text-align: justify;\">A kis \u00fczletek \u00f6mlesztett \u00e1rucikkeinek kezel\u00e9s\u00e9re ide\u00e1lis, ez\u00e9rt els\u0151sorban kis forgalm\u00fa keresked\u00e9sek pl. p\u00e9ks\u00e9gek, piaci \u00e1rusok sz\u00e1m\u00e1ra aj\u00e1nljuk.<\/p>\n<p><strong>V\u00e1lasszon hossz\u00fat\u00e1vra!<\/strong><\/p>\n<p style=\"text-align: justify;\">A Sam4s leg\u00fajabb modellj\u00e9t, az NR-270 Online NEW p\u00e9nzt\u00e1rg\u00e9pet \u00e9rdemes v\u00e1lasztania, ha nagy tud\u00e1s\u00fa \u00e9s felhaszn\u00e1l\u00f3bar\u00e1t p\u00e9nzt\u00e1rg\u00e9pet keres, mivel\u2026<\/p>\n<p><strong>ST\u00cdLUSOS<\/strong><\/p>\n<p style=\"text-align: justify;\">Minden keresked\u0151 sz\u00e1m\u00e1ra fontos, hogy \u00fczlete j\u00f3 benyom\u00e1st keltsen. Az eleg\u00e1ns, letisztult formavil\u00e1g\u00fa, \u00e9s a legkisebb alapter\u00fclet\u0171 elad\u00f3helyeken is j\u00f3l haszn\u00e1lhat\u00f3 NR-270 seg\u00edteni fogja ebben.<\/p>\n<p><strong>MEGK\u00d6NNY\u00cdTI A KEZEL\u00c9S\u00c9T<\/strong><\/p>\n<p style=\"text-align: justify;\">Az NR-270 kezel\u00e9se rendk\u00edv\u00fcl r\u00f6vid id\u0151 alatt el-saj\u00e1t\u00edthat\u00f3. Ha m\u00e9gis bizonytalan egy funkci\u00f3 haszn\u00e1lat\u00e1ban, a k\u00e9sz\u00fcl\u00e9kkel b\u00e1rmikor kinyom-tathatja k\u00e9zik\u00f6nyv\u00fcnk megfelel\u0151 fejezet\u00e9t, amely vil\u00e1gosan elmagyar\u00e1zza a teend\u0151ket.<\/p>\n<p><strong>J\u00d3L OLVASHAT\u00d3, LAG\u00daNA-K\u00c9K<\/strong><br \/>\n<strong>KIJELZ\u0150KKEL VAN FELSZERELVE<\/strong><\/p>\n<p style=\"text-align: justify;\">A Sam4s modellje sok r\u00e9gebbi p\u00e9nzt\u00e1rg\u00e9ppel szemben k\u00e9pes a magyar ABC \u00f6sszes bet\u0171j\u00e9nek a megjelen\u00edt\u00e9s\u00e9re. \u00c9l\u00e9nk sz\u00edn\u0171 kijelz\u0151ire \u00e9rt\u00e9kes\u00edt\u00e9s k\u00f6zben az elad\u00f3k munk\u00e1j\u00e1t seg\u00edt\u0151 \u00fczeneteket \u00edr ki, amikor pedig \u00e9ppen nem haszn\u00e1lja a k\u00e9sz\u00fcl\u00e9ket, rekl\u00e1msz\u00f6vegeket is futtathat rajtuk.<\/p>\n<p><strong>GYORSAN AD BLOKKOKAT<\/strong><\/p>\n<div class=\"page\" title=\"Page 2\">\n<table>\n<colgroup>\n<col \/>\n<col \/><\/colgroup>\n<tbody>\n<tr>\n<td colspan=\"2\" rowspan=\"1\">\n<div class=\"layoutArea\">\n<div class=\"column\">\n<p>NR-270 Online NEW m\u0171szaki jellemz\u0151i<\/p>\n<\/div>\n<\/div>\n<\/td>\n<\/tr>\n<tr>\n<td>\n<div class=\"layoutArea\">\n<div class=\"column\">\n<p>Kijelz\u0151:<\/p>\n<\/div>\n<\/div>\n<\/td>\n<td>\n<div class=\"layoutArea\">\n<div class=\"column\">\n<p>2 x 16 karakteres, a magyar ABC bet\u0171inek a kezel\u00e9s\u00e9re k\u00e9pes vev\u0151oldali \u00e9s kezel\u0151i kijelz\u0151k<\/p>\n<\/div>\n<\/div>\n<\/td>\n<\/tr>\n<tr>\n<td>\n<div class=\"layoutArea\">\n<div class=\"column\">\n<p>Billenty\u0171zet:<\/p>\n<\/div>\n<\/div>\n<\/td>\n<td>\n<div class=\"layoutArea\">\n<div class=\"column\">\n<p>33 db strapab\u00edr\u00f3 be\u00e9p\u00edtett nyom\u00f3gomb<\/p>\n<\/div>\n<\/div>\n<\/td>\n<\/tr>\n<tr>\n<td>\n<div class=\"layoutArea\">\n<div class=\"column\">\n<p>Nyomtat\u00f3:<\/p>\n<\/div>\n<\/div>\n<\/td>\n<td>\n<div class=\"layoutArea\">\n<div class=\"column\">\n<p>K\u00f6zvetlen h\u0151nyomtat\u00e1s, 57,5 mm x max. 50 mm \u00d8 tekercs, egyszer\u0171 pap\u00edrcsere<\/p>\n<\/div>\n<\/div>\n<\/td>\n<\/tr>\n<tr>\n<td>\n<div class=\"layoutArea\">\n<div class=\"column\">\n<p>Csatlakoztat\u00e1si lehet\u0151s\u00e9gek:<\/p>\n<\/div>\n<\/div>\n<\/td>\n<td>\n<div class=\"layoutArea\">\n<div class=\"column\">\n<p>Vonalk\u00f3dolvas\u00f3, bankk\u00e1rtya termin\u00e1l, sz\u00e1m\u00edt\u00f3g\u00e9p (onine m\u00f3dban), USB az AEE adat- ment\u00e9shez<\/p>\n<\/div>\n<\/div>\n<\/td>\n<\/tr>\n<tr>\n<td>\n<div class=\"layoutArea\">\n<div class=\"column\">\n<p>Gy\u0171jt\u0151k, \u00e1rucikkek, elad\u00f3k:<\/p>\n<\/div>\n<\/div>\n<\/td>\n<td>\n<div class=\"layoutArea\">\n<div class=\"column\">\n<p>1157 \u00e1rucikk, 8 gy\u0171jt\u0151, 5 k\u00fcl\u00f6n azonos\u00edthat\u00f3 elad\u00f3<\/p>\n<\/div>\n<\/div>\n<\/td>\n<\/tr>\n<tr>\n<td>\n<div class=\"layoutArea\">\n<div class=\"column\">\n<p>M\u00e9retek:<\/p>\n<\/div>\n<\/div>\n<\/td>\n<td>\n<div class=\"layoutArea\">\n<div class=\"column\">\n<p>sz\u00e9less\u00e9g: 260 mm, m\u00e9lys\u00e9g: 210 mm, magass\u00e1g: 86 mm, s\u00faly: 1,50 kg<\/p>\n<\/div>\n<\/div>\n<\/td>\n<\/tr>\n<\/tbody>\n<\/table>\n<\/div>\n","protected":false},"excerpt":{"rendered":"<p>A kis \u00fczletek \u00f6mlesztett \u00e1rucikkeinek kezel\u00e9s\u00e9re ide\u00e1lis, ez\u00e9rt els\u0151sorban kis forgalm\u00fa keresked\u00e9sek pl. p\u00e9ks\u00e9gek, piaci \u00e1rusok sz\u00e1m\u00e1ra aj\u00e1nljuk. V\u00e1lasszon hossz\u00fat\u00e1vra! A Sam4s leg\u00fajabb modellj\u00e9t, az NR-270 Online NEW p\u00e9nzt\u00e1rg\u00e9pet \u00e9rdemes v\u00e1lasztania, ha nagy tud\u00e1s\u00fa \u00e9s felhaszn\u00e1l\u00f3bar\u00e1t p\u00e9nzt\u00e1rg\u00e9pet keres, mivel\u2026 ST\u00cdLUSOS Minden keresked\u0151 sz\u00e1m\u00e1ra fontos, hogy \u00fczlete j\u00f3 benyom\u00e1st keltsen. Az eleg\u00e1ns, letisztult formavil\u00e1g\u00fa, \u00e9s a [&hellip;]<\/p>\n","protected":false},"author":1,"featured_media":0,"parent":0,"menu_order":0,"comment_status":"closed","ping_status":"closed","template":"","meta":{"footnotes":""},"class_list":["post-104","page","type-page","status-publish","hentry"],"_links":{"self":[{"href":"https:\/\/berenypenztargep.hu\/index.php\/wp-json\/wp\/v2\/pages\/104"}],"collection":[{"href":"https:\/\/berenypenztargep.hu\/index.php\/wp-json\/wp\/v2\/pages"}],"about":[{"href":"https:\/\/berenypenztargep.hu\/index.php\/wp-json\/wp\/v2\/types\/page"}],"author":[{"embeddable":true,"href":"https:\/\/berenypenztargep.hu\/index.php\/wp-json\/wp\/v2\/users\/1"}],"replies":[{"embeddable":true,"href":"https:\/\/berenypenztargep.hu\/index.php\/wp-json\/wp\/v2\/comments?post=104"}],"version-history":[{"count":5,"href":"https:\/\/berenypenztargep.hu\/index.php\/wp-json\/wp\/v2\/pages\/104\/revisions"}],"predecessor-version":[{"id":150,"href":"https:\/\/berenypenztargep.hu\/index.php\/wp-json\/wp\/v2\/pages\/104\/revisions\/150"}],"wp:attachment":[{"href":"https:\/\/berenypenztargep.hu\/index.php\/wp-json\/wp\/v2\/media?parent=104"}],"curies":[{"name":"wp","href":"https:\/\/api.w.org\/{rel}","templated":true}]}}