{"id":111,"date":"2016-09-11T13:18:19","date_gmt":"2016-09-11T13:18:19","guid":{"rendered":"http:\/\/jaszkonyvtar.hu\/site4\/?page_id=111"},"modified":"2016-09-16T13:01:25","modified_gmt":"2016-09-16T13:01:25","slug":"nr-300","status":"publish","type":"page","link":"https:\/\/berenypenztargep.hu\/index.php\/nr-300\/","title":{"rendered":"NR-300"},"content":{"rendered":"<p><img loading=\"lazy\" decoding=\"async\" src=\"https:\/\/berenypenztargep.hu\/wp-content\/uploads\/2016\/09\/NR-300.jpg\" alt=\"NR-300\" width=\"423\" height=\"600\" \/><\/p>\n<div class=\"page\" title=\"Page 2\">\n<div class=\"section\">\n<div class=\"layoutArea\">\n<div class=\"column\">\n<p style=\"text-align: justify;\">A Sam4s leg\u00fajabb modellj\u00e9t, az NR-300 Online new p\u00e9nzt\u00e1rg\u00e9pet \u00e9rdemes v\u00e1lasztania, ha nagy tud\u00e1s\u00fa \u00e9s felhaszn\u00e1l\u00f3bar\u00e1t p\u00e9nzt\u00e1rg\u00e9pet keres, mivel&#8230;<\/p>\n<p><strong>ST\u00cdLUSOS<\/strong><\/p>\n<p style=\"text-align: justify;\">Minden keresked\u0151 sz\u00e1m\u00e1ra fontos, hogy \u00fczlete j\u00f3 benyom\u00e1st keltsen. Az eleg\u00e1ns, letisztult formavi- l\u00e1g\u00fa, \u00e9s a legkisebb alapter\u00fclet\u0171 elad\u00f3helyeken is j\u00f3l haszn\u00e1lhat\u00f3 NR-300 seg\u00edteni fogja ebben.<\/p>\n<p><strong>MEGK\u00d6NNY\u00cdTI A KEZEL\u00c9S\u00c9T<\/strong><\/p>\n<p style=\"text-align: justify;\">Az NR-300 kezel\u00e9se rendk\u00edv\u00fcl r\u00f6vid id\u0151 alatt el- saj\u00e1t\u00edthat\u00f3. Ha m\u00e9gis bizonytalan egy funkci\u00f3 haszn\u00e1lat\u00e1ban, a k\u00e9sz\u00fcl\u00e9kkel b\u00e1rmikor kinyomtathatja k\u00e9zik\u00f6nyv\u00fcnk megfelel\u0151 fejezet\u00e9t, amely vil\u00e1gosan elmagyar\u00e1zza a teend\u0151ket.<\/p>\n<p><strong>J\u00d3L OLVASHAT\u00d3, LAG\u00daNA-K\u00c9K\u00a0KIJElZ\u0150KKEl VAN FElSZERELVE<\/strong><\/p>\n<p style=\"text-align: justify;\">A Sam4s modellje sok r\u00e9gebbi p\u00e9nzt\u00e1rg\u00e9ppel szemben k\u00e9pes a magyar ABC \u00f6sszes bet\u0171j\u00e9nek a megjelen\u00edt\u00e9s\u00e9re. \u00c9l\u00e9nk sz\u00edn\u0171 kijelz\u0151ire \u00e9rt\u00e9kes\u00edt\u00e9s k\u00f6zben az elad\u00f3k munk\u00e1j\u00e1t seg\u00edt\u0151 \u00fczeneteket \u00edr ki, amikor pedig \u00e9ppen nem haszn\u00e1lja a k\u00e9sz\u00fcl\u00e9ket, rekl\u00e1msz\u00f6vegeket is futtathat rajtuk.<\/p>\n<p><strong>GYORSAN AD BLOKKOKAT<\/strong><\/p>\n<p style=\"text-align: justify;\">Az NR-300 egy nagy sebess\u00e9g\u0171 h\u0151nyomtat\u00f3val k\u00e9sz\u00edti a nyugt\u00e1kat, melyben a pap\u00edr egyetlen mozdulattal cser\u00e9lhet\u0151; csak bele kell tennie az \u00faj tekercset \u00e9s m\u00e1r folytathatja is a munk\u00e1t.<\/p>\n<div class=\"page\" title=\"Page 2\">\n<div class=\"section\">\n<div class=\"layoutArea\">\n<div class=\"column\">\n<p><strong>ERGONOMIKUS KEZEL\u0150FEL\u00dcLETTEL\u00a0RENDELKEZIK<\/strong><\/p>\n<p style=\"text-align: justify;\">A leg\u00fajabb Sam4s p\u00e9nzt\u00e1rg\u00e9p billenty\u0171zetkioszt\u00e1sa logikusan fel\u00e9p\u00edtett \u00e9s \u00e1tl\u00e1that\u00f3. A k\u00e9sz\u00fcl\u00e9k \u201ekrist\u00e1lygombjai\u201d nem csak divatosak, tart\u00f3sak is; az \u00e1ttetsz\u0151 m\u0171anyag t\u00f6mb\u00f6kbe \u00e9p\u00edtett feliratok sohasem kopnak le.<\/p>\n<p><strong>VONAlK\u00d3DOLVAS\u00d3VAl, POS TERMIN\u00c1LLAL\u00a0\u00c9S SZ\u00c1M\u00cdT\u00d3G\u00c9PPEL\u00a0IS \u00d6SSZEK\u00d6THET\u0150<\/strong><\/p>\n<p style=\"text-align: justify;\">A k\u00e9sz\u00fcl\u00e9khez szkenner csatlakoztat\u00e1s\u00e1val vonalk\u00f3dok alapj\u00e1n &#8211; ak\u00e1r bankk\u00e1rtya olvas\u00f3val is &#8211; \u00e9rt\u00e9kes\u00edtheti term\u00e9keit, a forgalmi adatait pedig k\u00f6nnyed\u00e9n elmentheti a p\u00e9nzt\u00e1rg\u00e9pr\u0151l a sz\u00e1m\u00edt\u00f3g\u00e9p\u00e9re. Az NR-300 r\u00e1ad\u00e1sul szinte b\u00e1rmilyen kasszafi\u00f3k ir\u00e1ny\u00edt\u00e1s\u00e1ra alkalmas.<\/p>\n<table>\n<tbody>\n<tr>\n<td colspan=\"2\" rowspan=\"1\">\n<div class=\"layoutArea\">\n<div class=\"column\">\n<p style=\"text-align: center;\"><strong>NR-300 Online NEW m\u0171szaki jellemz\u0151i<\/strong><\/p>\n<\/div>\n<\/div>\n<\/td>\n<\/tr>\n<tr>\n<td>\n<div class=\"layoutArea\">\n<div class=\"column\">\n<p>Kijelz\u0151:<\/p>\n<\/div>\n<\/div>\n<\/td>\n<td>\n<div class=\"layoutArea\">\n<div class=\"column\">\n<p>2 x 16 karakteres, a magyar ABC bet\u0171inek a kezel\u00e9s\u00e9re k\u00e9pes vev\u0151oldali \u00e9s kezel\u0151i kijelz\u0151k<\/p>\n<\/div>\n<\/div>\n<\/td>\n<\/tr>\n<tr>\n<td>\n<div class=\"layoutArea\">\n<div class=\"column\">\n<p>Billenty\u0171zet:<\/p>\n<\/div>\n<\/div>\n<\/td>\n<td>\n<div class=\"layoutArea\">\n<div class=\"column\">\n<p>33 db strapab\u00edr\u00f3 be\u00e9p\u00edtett nyom\u00f3gomb<\/p>\n<\/div>\n<\/div>\n<\/td>\n<\/tr>\n<tr>\n<td>\n<div class=\"layoutArea\">\n<div class=\"column\">\n<p>Nyomtat\u00f3:<\/p>\n<\/div>\n<\/div>\n<\/td>\n<td>\n<div class=\"layoutArea\">\n<div class=\"column\">\n<p>K\u00f6zvetlen h\u0151nyomtat\u00e1s, 57,5 mm x max. 50 mm \u00d8 tekercs, egyszer\u0171 pap\u00edrcsere<\/p>\n<\/div>\n<\/div>\n<\/td>\n<\/tr>\n<tr>\n<td>\n<div class=\"layoutArea\">\n<div class=\"column\">\n<p>Csatlakoztat\u00e1si lehet\u0151s\u00e9gek:<\/p>\n<\/div>\n<\/div>\n<\/td>\n<td>\n<div class=\"layoutArea\">\n<div class=\"column\">\n<p>Vonalk\u00f3dolvas\u00f3, bankk\u00e1rtya termin\u00e1l, sz\u00e1m\u00edt\u00f3g\u00e9p (onine m\u00f3dban), USB az AEE adat- ment\u00e9shez<\/p>\n<\/div>\n<\/div>\n<\/td>\n<\/tr>\n<tr>\n<td>\n<div class=\"layoutArea\">\n<div class=\"column\">\n<p>Gy\u0171jt\u0151k, \u00e1rucikkek, elad\u00f3k:<\/p>\n<\/div>\n<\/div>\n<\/td>\n<td>\n<div class=\"layoutArea\">\n<div class=\"column\">\n<p>1157 \u00e1rucikk, 8 gy\u0171jt\u0151, 5 k\u00fcl\u00f6n azonos\u00edthat\u00f3 elad\u00f3<\/p>\n<\/div>\n<\/div>\n<\/td>\n<\/tr>\n<tr>\n<td>\n<div class=\"layoutArea\">\n<div class=\"column\">\n<p>M\u00e9retek:<\/p>\n<\/div>\n<\/div>\n<\/td>\n<td>\n<div class=\"layoutArea\">\n<div class=\"column\">\n<p>sz\u00e9less\u00e9g: 260 mm, m\u00e9lys\u00e9g: 210 mm, magass\u00e1g: 86 mm, s\u00faly: 1,50 kg<\/p>\n<\/div>\n<\/div>\n<\/td>\n<\/tr>\n<\/tbody>\n<\/table>\n<\/div>\n<\/div>\n<\/div>\n<\/div>\n<\/div>\n<\/div>\n<\/div>\n<\/div>\n","protected":false},"excerpt":{"rendered":"<p>A Sam4s leg\u00fajabb modellj\u00e9t, az NR-300 Online new p\u00e9nzt\u00e1rg\u00e9pet \u00e9rdemes v\u00e1lasztania, ha nagy tud\u00e1s\u00fa \u00e9s felhaszn\u00e1l\u00f3bar\u00e1t p\u00e9nzt\u00e1rg\u00e9pet keres, mivel&#8230; ST\u00cdLUSOS Minden keresked\u0151 sz\u00e1m\u00e1ra fontos, hogy \u00fczlete j\u00f3 benyom\u00e1st keltsen. Az eleg\u00e1ns, letisztult formavi- l\u00e1g\u00fa, \u00e9s a legkisebb alapter\u00fclet\u0171 elad\u00f3helyeken is j\u00f3l haszn\u00e1lhat\u00f3 NR-300 seg\u00edteni fogja ebben. MEGK\u00d6NNY\u00cdTI A KEZEL\u00c9S\u00c9T Az NR-300 kezel\u00e9se rendk\u00edv\u00fcl r\u00f6vid id\u0151 [&hellip;]<\/p>\n","protected":false},"author":1,"featured_media":0,"parent":0,"menu_order":0,"comment_status":"closed","ping_status":"closed","template":"","meta":{"footnotes":""},"class_list":["post-111","page","type-page","status-publish","hentry"],"_links":{"self":[{"href":"https:\/\/berenypenztargep.hu\/index.php\/wp-json\/wp\/v2\/pages\/111"}],"collection":[{"href":"https:\/\/berenypenztargep.hu\/index.php\/wp-json\/wp\/v2\/pages"}],"about":[{"href":"https:\/\/berenypenztargep.hu\/index.php\/wp-json\/wp\/v2\/types\/page"}],"author":[{"embeddable":true,"href":"https:\/\/berenypenztargep.hu\/index.php\/wp-json\/wp\/v2\/users\/1"}],"replies":[{"embeddable":true,"href":"https:\/\/berenypenztargep.hu\/index.php\/wp-json\/wp\/v2\/comments?post=111"}],"version-history":[{"count":5,"href":"https:\/\/berenypenztargep.hu\/index.php\/wp-json\/wp\/v2\/pages\/111\/revisions"}],"predecessor-version":[{"id":151,"href":"https:\/\/berenypenztargep.hu\/index.php\/wp-json\/wp\/v2\/pages\/111\/revisions\/151"}],"wp:attachment":[{"href":"https:\/\/berenypenztargep.hu\/index.php\/wp-json\/wp\/v2\/media?parent=111"}],"curies":[{"name":"wp","href":"https:\/\/api.w.org\/{rel}","templated":true}]}}