{"id":118,"date":"2016-09-12T11:54:30","date_gmt":"2016-09-12T11:54:30","guid":{"rendered":"http:\/\/jaszkonyvtar.hu\/site4\/?page_id=118"},"modified":"2016-09-16T12:43:24","modified_gmt":"2016-09-16T12:43:24","slug":"cascube","status":"publish","type":"page","link":"https:\/\/berenypenztargep.hu\/index.php\/cascube\/","title":{"rendered":"CasCube"},"content":{"rendered":"<p><img loading=\"lazy\" decoding=\"async\" src=\"https:\/\/berenypenztargep.hu\/wp-content\/uploads\/2016\/09\/Cashcube.jpg\" alt=\"CashCube\" width=\"600\" height=\"517\" \/><\/p>\n<p id=\"yui_3_16_0_ym19_1_1473680410162_2366\"><strong><span style=\"font-family: georgia,palatino,serif; font-size: 12pt;\">Felhaszn\u00e1l\u00e1si ter\u00fclet:<\/span><\/strong><\/p>\n<p id=\"yui_3_16_0_ym19_1_1473680410162_2365\" style=\"text-align: justify;\"><span style=\"font-family: georgia,palatino,serif; font-size: 12pt;\"><span id=\"yui_3_16_0_ym19_1_1473680410162_2364\">Megb\u00edzhat\u00f3an haszn\u00e1lhat\u00f3 kis-k\u00f6zepes forgalm\u00fa \u00fczletekben (max 650 nyugta\/nap \u00e1tlagban), ahol sz\u00e1m\u00edt a kompact m\u00e9ret a nagy tud\u00e1s a megvil\u00e1g\u00edthat\u00f3 kijelz\u0151, a k\u00f6nny\u0171 \u00e9s gyors pap\u00edrtekercs csere, \u00e9s a kerek\u00edt\u0151s eur\u00f3-szabv\u00e1ny\u00fa szoftver. Vonalk\u00f3d olvas\u00f3 csatlakoztat\u00e1s\u00e1val lehet\u0151s\u00e9g ny\u00edlik egy gyorsabb, egyszer\u0171bb \u00e9s l\u00e1tv\u00e1nyosabb \u00e9rt\u00e9kes\u00edt\u00e9sre, a k\u00fcls\u0151 kijelz\u0151 csatlakoztat\u00e1s\u00e1val pedig t\u00e1volabb is elhelyezhet vev\u0151t\u00e1j\u00e9koztat\u00f3 kijelz\u0151t. Ha a v\u00e1s\u00e1rl\u00e1st k\u00f6vet\u0151en felmer\u00fclne az ig\u00e9nye egy p\u00e9nz tart\u00f3 kasszadobozra, mindenf\u00e9le szervizes seg\u00edts\u00e9g n\u00e9lk\u00fcl \u00f6sszekapcsolhatja a b\u00e1rmikor szabadon v\u00e1s\u00e1rolhat\u00f3\u00a0<\/span>cascube<span id=\"yui_3_16_0_ym19_1_1473680410162_2416\">\u00a0m\u00e1rkanevet visel\u0151 kassz\u00e1val. A p\u00e9nzt\u00e1rg\u00e9p nagy sebess\u00e9g\u0171 termo nyomtat\u00f3val rendelkezik (20 sor\/sec) melynek nagy el\u0151nye m\u00e9g a gyors egy pattint\u00e1sos pap\u00edrszalag csere. Legyen sz\u00f3 m\u00e9rleg kezel\u00e9sr\u0151l vagy bankk\u00e1rtya termin\u00e1l vagy sz\u00e1m\u00edt\u00f3g\u00e9p (vagy a k\u00e9s\u0151bbiekben felh\u0151 szolg\u00e1ltat\u00e1s) csatlakoztat\u00e1s\u00e1r\u00f3l a\u00a0<\/span>CasCube\u00a0light\u00a0online p\u00e9nzt\u00e1rg\u00e9p mindig h\u0171 \u00e9s innovat\u00edv t\u00e1rsa lesz a munk\u00e1ban.<\/span><\/p>\n<p><strong><span style=\"font-family: georgia,palatino,serif; font-size: 12pt;\">M\u0171szaki param\u00e9terek:<\/span><\/strong><\/p>\n<p><span style=\"font-family: georgia,palatino,serif; font-size: 12pt;\"><strong>P\u00e9nzt\u00e1rg\u00e9p gy\u00e1rt\u00f3ja:<\/strong> Tekinvest Holding Kft.<br \/>\n<\/span><span style=\"font-family: georgia,palatino,serif; font-size: 12pt;\"><strong>Ad\u00f3\u00fcgyi Ellen\u0151rz\u0151 Egys\u00e9g gy\u00e1rt\u00f3ja:<\/strong> Tekinvest Holding Kft.<br \/>\n<\/span><span style=\"font-family: georgia,palatino,serif; font-size: 12pt;\"><strong>V\u00e1laszthat\u00f3 mobilszolg\u00e1ltat\u00f3: <\/strong>\u00a0TELEKOM<br \/>\n<\/span><span style=\"font-family: georgia,palatino,serif; font-size: 12pt;\"><strong>MKEH enged\u00e9ly sz\u00e1ma:<\/strong> A085<br \/>\n<\/span><span id=\"yui_3_16_0_ym19_1_1473680410162_2420\" style=\"font-family: georgia,palatino,serif; font-size: 12pt;\"><span id=\"yui_3_16_0_ym19_1_1473680410162_2419\"><strong>M\u00e9ret (sz\u00e9less\u00e9g x m\u00e9lys\u00e9g x magass\u00e1g) millim\u00e9terben:<\/strong> 200*377*144<br \/>\n<\/span><\/span><span style=\"font-family: georgia,palatino,serif; font-size: 12pt;\"><strong>T\u00f6mege (kg):<\/strong> 1,7 kg<br \/>\n<\/span><span style=\"font-family: georgia,palatino,serif; font-size: 12pt;\"><strong>Nyomtat\u00f3 t\u00edpusa, nyomtat\u00e1si m\u00f3dja:<\/strong> H\u0151nyomtat\u00f3<br \/>\n<\/span><span style=\"font-family: georgia,palatino,serif; font-size: 12pt;\"><strong>Nyomtat\u00e1s sebess\u00e9ge sor\/m\u00e1sodpercben:<\/strong> 20\u00a0sor\/s<br \/>\n<\/span><span style=\"font-family: georgia,palatino,serif; font-size: 12pt;\"><strong>Soronk\u00e9nti nyomtatott karakterek sz\u00e1ma:<\/strong> 12*24 pixel, 32 karakter<br \/>\n<\/span><span style=\"font-family: georgia,palatino,serif; font-size: 12pt;\"><strong>Pap\u00edrm\u00e9ret (sz\u00e9less\u00e9g (mm) x \u00a0hossz\u00fas\u00e1g (m)):<\/strong> 57 mm\/ 50\/ 30 m\u00e9ter<br \/>\n<\/span><span style=\"font-family: georgia,palatino,serif; font-size: 12pt;\"><strong>PLU-k sz\u00e1ma:<\/strong> 20.000db<br \/>\n<\/span><span style=\"font-family: georgia,palatino,serif; font-size: 12pt;\"><strong>Kezelhet\u0151 p\u00e9nzt\u00e1rosok sz\u00e1ma:<\/strong> 20 f\u0151<br \/>\n<\/span><span style=\"font-family: georgia,palatino,serif; font-size: 12pt;\"><span id=\"yui_3_16_0_ym19_1_1473680410162_2436\"><span id=\"yui_3_16_0_ym19_1_1473680410162_2435\"><strong>Funkci\u00f3 billenty\u0171k sz\u00e1ma:<\/strong> 48 billenty\u0171 \/ 10 k\u00f6zvetlen gy\u0171jt\u0151 \/ 21\u00a0<\/span><\/span>k\u00f6zvetlen\u00a0\u00e9rt\u00e9kes\u00edt\u00e9si \u00a0funkci\u00f3<br \/>\n<\/span><span id=\"yui_3_16_0_ym19_1_1473680410162_2427\" style=\"font-family: georgia,palatino,serif; font-size: 12pt;\"><span id=\"yui_3_16_0_ym19_1_1473680410162_2426\">Sz\u00e1m\u00edt\u00f3g\u00e9pes program PLU felt\u00f6lt\u00e9s kezel\u00e9s\u00e9hez (igen\/nem; ingyenes\/opcion\u00e1lisan megv\u00e1s\u00e1rolhat\u00f3): Igen \u00e9s ingyenes<br \/>\n<\/span><\/span><span id=\"yui_3_16_0_ym19_1_1473680410162_2431\" style=\"font-family: georgia,palatino,serif; font-size: 12pt;\"><span id=\"yui_3_16_0_ym19_1_1473680410162_2430\"><strong>K\u00fcls\u0151 csatlakoz\u00e1sok felsorol\u00e1sa:<\/strong> Fizikai :3 db USB A, 1 db USB AB,1 db RS232, 1 kasszanyit\u00f3, T\u00e1pfesz 9V antenna csatlakoz\u00f3. Csatlakoztathat\u00f3: Vonalk\u00f3d olvas\u00f3, OTP fizet\u0151 termin\u00e1l, ERSTE fizet\u0151 termin\u00e1l, M\u00e9rleg, PC ,\u00a0CashCube\u00a0kasszafi\u00f3k.<\/span><\/span><\/p>\n<p><img loading=\"lazy\" decoding=\"async\" src=\"https:\/\/berenypenztargep.hu\/wp-content\/uploads\/2016\/09\/kapcs2.jpg\" alt=\"csatlakozas\" width=\"600\" height=\"485\" \/><\/p>\n","protected":false},"excerpt":{"rendered":"<p>Felhaszn\u00e1l\u00e1si ter\u00fclet: Megb\u00edzhat\u00f3an haszn\u00e1lhat\u00f3 kis-k\u00f6zepes forgalm\u00fa \u00fczletekben (max 650 nyugta\/nap \u00e1tlagban), ahol sz\u00e1m\u00edt a kompact m\u00e9ret a nagy tud\u00e1s a megvil\u00e1g\u00edthat\u00f3 kijelz\u0151, a k\u00f6nny\u0171 \u00e9s gyors pap\u00edrtekercs csere, \u00e9s a kerek\u00edt\u0151s eur\u00f3-szabv\u00e1ny\u00fa szoftver. Vonalk\u00f3d olvas\u00f3 csatlakoztat\u00e1s\u00e1val lehet\u0151s\u00e9g ny\u00edlik egy gyorsabb, egyszer\u0171bb \u00e9s l\u00e1tv\u00e1nyosabb \u00e9rt\u00e9kes\u00edt\u00e9sre, a k\u00fcls\u0151 kijelz\u0151 csatlakoztat\u00e1s\u00e1val pedig t\u00e1volabb is elhelyezhet vev\u0151t\u00e1j\u00e9koztat\u00f3 kijelz\u0151t. Ha [&hellip;]<\/p>\n","protected":false},"author":1,"featured_media":0,"parent":0,"menu_order":0,"comment_status":"closed","ping_status":"closed","template":"","meta":{"footnotes":""},"class_list":["post-118","page","type-page","status-publish","hentry"],"_links":{"self":[{"href":"https:\/\/berenypenztargep.hu\/index.php\/wp-json\/wp\/v2\/pages\/118"}],"collection":[{"href":"https:\/\/berenypenztargep.hu\/index.php\/wp-json\/wp\/v2\/pages"}],"about":[{"href":"https:\/\/berenypenztargep.hu\/index.php\/wp-json\/wp\/v2\/types\/page"}],"author":[{"embeddable":true,"href":"https:\/\/berenypenztargep.hu\/index.php\/wp-json\/wp\/v2\/users\/1"}],"replies":[{"embeddable":true,"href":"https:\/\/berenypenztargep.hu\/index.php\/wp-json\/wp\/v2\/comments?post=118"}],"version-history":[{"count":4,"href":"https:\/\/berenypenztargep.hu\/index.php\/wp-json\/wp\/v2\/pages\/118\/revisions"}],"predecessor-version":[{"id":145,"href":"https:\/\/berenypenztargep.hu\/index.php\/wp-json\/wp\/v2\/pages\/118\/revisions\/145"}],"wp:attachment":[{"href":"https:\/\/berenypenztargep.hu\/index.php\/wp-json\/wp\/v2\/media?parent=118"}],"curies":[{"name":"wp","href":"https:\/\/api.w.org\/{rel}","templated":true}]}}