{"id":32,"date":"2016-09-02T20:58:02","date_gmt":"2016-09-02T20:58:02","guid":{"rendered":"http:\/\/jaszkonyvtar.hu\/site4\/?page_id=32"},"modified":"2016-09-08T11:39:19","modified_gmt":"2016-09-08T11:39:19","slug":"50-000-ft-allami-tamogatas-minden-penztargepre","status":"publish","type":"page","link":"https:\/\/berenypenztargep.hu\/index.php\/50-000-ft-allami-tamogatas-minden-penztargepre\/","title":{"rendered":"50.000 Ft \u00e1llami t\u00e1mogat\u00e1s minden p\u00e9nzt\u00e1rg\u00e9pre"},"content":{"rendered":"<p style=\"text-align: justify;\">Varga Mih\u00e1ly k\u00f6z\u00f6lte: a korm\u00e1ny a feketegazdas\u00e1g magyarorsz\u00e1gi visszaszor\u00edt\u00e1sa c\u00e9lj\u00e1b\u00f3l \u00e9s annak \u00e9rdek\u00e9ben, hogy a tisztess\u00e9ges v\u00e1llalkoz\u00e1sok sz\u00e1m\u00e1ra nagyobb v\u00e9detts\u00e9get teremtsen, kor\u00e1bban m\u00e1r d\u00f6nt\u00f6tt arr\u00f3l, hogy a p\u00e9nzt\u00e1rg\u00e9pek cser\u00e9j\u00e9t \u00e9s azoknak a Nemzeti Ad\u00f3- \u00e9s V\u00e1mhivatal online rendszer\u00e9vel val\u00f3 \u00f6sszek\u00f6t\u00e9s\u00e9t megval\u00f3s\u00edtja. A folyamat felgyors\u00edt\u00e1sa \u00e9rdek\u00e9ben id\u00e9n febru\u00e1rban \u00fajabb d\u00f6nt\u00e9s sz\u00fcletett. Ebben a munk\u00e1ban \u00fajabb l\u00e9p\u00e9s, \u00fajabb korm\u00e1nyd\u00f6nt\u00e9s sz\u00fcletett szerd\u00e1n arr\u00f3l, hogy az \u00e9rintett v\u00e1llalkoz\u00f3i k\u00f6r sz\u00e1m\u00e1ra kompenz\u00e1ci\u00f3t biztos\u00edt a kabinet az online \u00f6sszek\u00f6ttet\u00e9s megval\u00f3s\u00edt\u00e1s\u00e1hoz. Ez t\u00f6rt\u00e9nhet \u00fagy, hogy a megl\u00e9v\u0151 p\u00e9nzt\u00e1rg\u00e9peket eg\u00e9sz\u00edtik ki egy olyan technikai eszk\u00f6zzel, amely lehet\u0151v\u00e9 teszi az ad\u00f3hat\u00f3s\u00e1g online rendszer\u00e9be val\u00f3 bek\u00f6t\u00e9st, vagy egy r\u00e9gi p\u00e9nzt\u00e1rg\u00e9p eset\u00e9n jelentheti azt, hogy \u00faj p\u00e9nzt\u00e1rg\u00e9pet szerez be a v\u00e1llalkoz\u00f3 &#8211; tette hozz\u00e1 a miniszter. Elmondta: az \u00e9rintett v\u00e1llalkoz\u00f3k, v\u00e1llalkoz\u00e1sok sz\u00e1ma el\u00e9ri a 180 ezret, ezek r\u00e9szben a t\u00e1rsas\u00e1gi ad\u00f3 al\u00e1 es\u0151 \u00e9s eva szerint ad\u00f3z\u00f3 v\u00e1llalkoz\u00e1sok, illetve egy\u00e9ni v\u00e1llalkoz\u00f3k is vannak. Ezek a v\u00e1llalkoz\u00e1sok kaphatnak kompenz\u00e1ci\u00f3t Varga Mih\u00e1ly hangs\u00falyozta: a kompenz\u00e1ci\u00f3t azok a v\u00e1llalkoz\u00e1sok, illetve egy\u00e9ni v\u00e1llalkoz\u00f3k kaphatj\u00e1k, amelyeknek az \u00e9ves \u00e1rbev\u00e9tele nem \u00e9r el az 500 milli\u00f3 forintot, ezek a v\u00e1llalkoz\u00f3k egy\u00fattal nem rendelkezhetnek ad\u00f3tartoz\u00e1ssal, \u00e9s nem \u00e1llhatnak cs\u0151d- vagy felsz\u00e1mol\u00e1si elj\u00e1r\u00e1s alatt, \u00e9s nem alkalmazhatnak feket\u00e9n dolgoz\u00f3kat.<\/p>\n<p style=\"text-align: justify;\">A korm\u00e1ny arr\u00f3l is hat\u00e1rozott, hogy az ad\u00f3z\u00f3 v\u00e1llalkoz\u00f3k eset\u00e9ben csak meghat\u00e1rozott sz\u00e1m\u00fa p\u00e9nzt\u00e1rg\u00e9p cser\u00e9j\u00e9t, maximum 5 p\u00e9nzt\u00e1rg\u00e9p bek\u00f6t\u00e9s\u00e9t t\u00e1mogatja a korm\u00e1ny. A miniszter elmondta: a t\u00e1mogat\u00e1s ig\u00e9nyl\u00e9se \u00fagy t\u00f6rt\u00e9nik, hogy a v\u00e1llalkoz\u00f3 kit\u00f6lt egy egyszer\u0171 adatlapot, amiben a NAV fel\u00e9 jelzi, hogy a p\u00e9nzt\u00e1rg\u00e9pet le kell cser\u00e9lnie, \u00e9s ehhez k\u00e9ri az \u00f6tvenezer forintos t\u00e1mogat\u00e1st. A NAV megvizsg\u00e1lja az adatlapot, \u00e9s kiad err\u0151l egy igazol\u00e1st a v\u00e1llalkoz\u00f3nak, ami egy k\u00f3dsz\u00e1mot tartalmaz majd. Ezzel az igazol\u00e1ssal a v\u00e1llalkoz\u00f3 felkeresi a p\u00e9nzt\u00e1rg\u00e9pet \u00e9rt\u00e9kes\u00edt\u0151 c\u00e9get, \u00e9s az igazol\u00e1ssal v\u00e1s\u00e1rolja meg az \u00faj g\u00e9pet, term\u00e9szetesen a g\u00e9p \u00e1ra \u00e9s az igazol\u00e1son l\u00e9v\u0151 \u00f6sszeg k\u00f6z\u00f6tti k\u00fcl\u00f6nbs\u00e9get kifizeti, \u00e9s ezut\u00e1n a keresked\u0151nek kell majd val\u00f3j\u00e1ban a t\u00e1mogat\u00e1s foly\u00f3s\u00edt\u00e1s\u00e1\u00e9rt a NAV-hoz fordulnia. A NAV megn\u00e9zi, hogy a k\u00f3dsz\u00e1mmal volt-e m\u00e1r elad\u00e1s, \u00e9s ha nem, akkor a NAV kiutalja a keresked\u0151nek a t\u00e1mogat\u00e1si \u00f6sszeget. Varga Mih\u00e1ly elmondta: ilyen ig\u00e9nyekkel okt\u00f3ber 31-ig lehet a NAV-hoz fordulni, \u00e9s november 15-ig lehet majd a t\u00e1mogat\u00e1si ig\u00e9nyeket ig\u00e9nybe venni. A korm\u00e1ny azt szeretn\u00e9, ha nagyj\u00e1b\u00f3l a ny\u00e1r folyam\u00e1n megt\u00f6rt\u00e9nne az \u00e1t\u00e1ll\u00e1s &#8211; tette hozz\u00e1. A miniszter megeml\u00edtette azt is, hogy a v\u00e1llalkoz\u00f3 vagy egy szakszervizhez, vagy egy m\u0171szer\u00e9szhez fordulhat, aki \u00e1t\u00e1ll\u00edtja a p\u00e9nzt\u00e1rg\u00e9p\u00e9t, vagy a NAV k\u00f6zponti rendszer\u00e9n egy online technikai t\u00e1mogat\u00e1ssal tudja majd a p\u00e9nzt\u00e1rg\u00e9p\u00e9t \u00fczembe helyezni.<\/p>\n<p style=\"text-align: right;\"><span style=\"color: blue;\">Forr\u00e1s:<br \/>\njapanpenztargep.hu\/blog\/penztargeptamogatas<\/span><\/p>\n","protected":false},"excerpt":{"rendered":"<p>Varga Mih\u00e1ly k\u00f6z\u00f6lte: a korm\u00e1ny a feketegazdas\u00e1g magyarorsz\u00e1gi visszaszor\u00edt\u00e1sa c\u00e9lj\u00e1b\u00f3l \u00e9s annak \u00e9rdek\u00e9ben, hogy a tisztess\u00e9ges v\u00e1llalkoz\u00e1sok sz\u00e1m\u00e1ra nagyobb v\u00e9detts\u00e9get teremtsen, kor\u00e1bban m\u00e1r d\u00f6nt\u00f6tt arr\u00f3l, hogy a p\u00e9nzt\u00e1rg\u00e9pek cser\u00e9j\u00e9t \u00e9s azoknak a Nemzeti Ad\u00f3- \u00e9s V\u00e1mhivatal online rendszer\u00e9vel val\u00f3 \u00f6sszek\u00f6t\u00e9s\u00e9t megval\u00f3s\u00edtja. A folyamat felgyors\u00edt\u00e1sa \u00e9rdek\u00e9ben id\u00e9n febru\u00e1rban \u00fajabb d\u00f6nt\u00e9s sz\u00fcletett. Ebben a munk\u00e1ban \u00fajabb l\u00e9p\u00e9s, [&hellip;]<\/p>\n","protected":false},"author":1,"featured_media":0,"parent":0,"menu_order":0,"comment_status":"closed","ping_status":"closed","template":"","meta":{"footnotes":""},"class_list":["post-32","page","type-page","status-publish","hentry"],"_links":{"self":[{"href":"https:\/\/berenypenztargep.hu\/index.php\/wp-json\/wp\/v2\/pages\/32"}],"collection":[{"href":"https:\/\/berenypenztargep.hu\/index.php\/wp-json\/wp\/v2\/pages"}],"about":[{"href":"https:\/\/berenypenztargep.hu\/index.php\/wp-json\/wp\/v2\/types\/page"}],"author":[{"embeddable":true,"href":"https:\/\/berenypenztargep.hu\/index.php\/wp-json\/wp\/v2\/users\/1"}],"replies":[{"embeddable":true,"href":"https:\/\/berenypenztargep.hu\/index.php\/wp-json\/wp\/v2\/comments?post=32"}],"version-history":[{"count":2,"href":"https:\/\/berenypenztargep.hu\/index.php\/wp-json\/wp\/v2\/pages\/32\/revisions"}],"predecessor-version":[{"id":34,"href":"https:\/\/berenypenztargep.hu\/index.php\/wp-json\/wp\/v2\/pages\/32\/revisions\/34"}],"wp:attachment":[{"href":"https:\/\/berenypenztargep.hu\/index.php\/wp-json\/wp\/v2\/media?parent=32"}],"curies":[{"name":"wp","href":"https:\/\/api.w.org\/{rel}","templated":true}]}}