{"id":87,"date":"2016-09-09T18:37:20","date_gmt":"2016-09-09T18:37:20","guid":{"rendered":"http:\/\/jaszkonyvtar.hu\/site4\/?page_id=87"},"modified":"2016-09-16T13:00:40","modified_gmt":"2016-09-16T13:00:40","slug":"micra-sento-m","status":"publish","type":"page","link":"https:\/\/berenypenztargep.hu\/index.php\/micra-sento-m\/","title":{"rendered":"Micra Sento M"},"content":{"rendered":"<p><img loading=\"lazy\" decoding=\"async\" src=\"https:\/\/berenypenztargep.hu\/wp-content\/uploads\/2016\/09\/Sento.jpg\" alt=\"Micra Sento\" width=\"400\" height=\"256\" \/><\/p>\n<p class=\"western\"><strong><span style=\"font-size: 12pt; font-family: georgia,palatino,serif;\">TERM\u00c9KLE\u00cdR\u00c1S<\/span><\/strong><\/p>\n<p style=\"text-align: justify;\"><span style=\"font-size: 12pt; font-family: georgia,palatino,serif;\">A SENTO kis \u00e9s k\u00f6zepes kereskedelmi vagy szolg\u00e1ltat\u00f3 v\u00e1llalkoz\u00e1soknak dedik\u00e1lt rendk\u00edv\u00fcl modern p\u00e9nzt\u00e1rg\u00e9p, mely rendelkezik a sz\u00e1ml\u00e1k elektronikus hordoz\u00f3ra (SD k\u00e1rtya) t\u00f6rt\u00e9n\u0151 m\u00e1sol\u00e1s\u00e1t t\u00e1mogat\u00f3 funkci\u00f3val. A kicsi, praktikus p\u00e9nzt\u00e1rg\u00e9p olyan fejlett technol\u00f3gi\u00e1t \u00e9s funkcionalit\u00e1st rejt mag\u00e1ban, melyekkel eddig csak a nagy rendszerp\u00e9nzt\u00e1rak rendelkeztek. Mindez alaposan letesztelt, kiv\u00e1l\u00f3 min\u0151s\u00e9g\u0171 alegys\u00e9gekkel p\u00e1rosul. A kateg\u00f3ri\u00e1j\u00e1t tekintve rendk\u00edv\u00fcl nagy \u00e1ruadatb\u00e1zisnak, az \u00e1rucikkek prec\u00edz megnevez\u00e9s\u00e9nek, a sz\u00e1m\u00edt\u00f3g\u00e9ppel val\u00f3 online kommunik\u00e1ci\u00f3nak valamint a sz\u00e1mos kommunik\u00e1ci\u00f3s portnak (t\u00f6bbek k\u00f6z\u00f6tt RS232 \u00e9s USB portok, ak\u00e1r hostk\u00e9nt is) k\u00f6sz\u00f6nhet\u0151en ak\u00e1r k\u00f6zepes kereskedelmi egys\u00e9gekben is p\u00e1ratlanul fejlett elad\u00e1si rendszert hozhatunk l\u00e9tre.<\/span><\/p>\n<hr \/>\n<p class=\"western\"><strong><span style=\"font-size: 12pt; font-family: georgia,palatino,serif;\">SPECIFIK\u00c1CI\u00d3<\/span><\/strong><\/p>\n<ul>\n<li><span style=\"font-size: 12pt; font-family: georgia,palatino,serif;\">Vonalk\u00f3dos \u00e9rt\u00e9kes\u00edt\u00e9s, 16 000 PLU<\/span><\/li>\n<li><span style=\"font-size: 12pt; font-family: georgia,palatino,serif;\">PC, mint kiterjesztett cikkt\u00f6rzs mem\u00f3ria haszn\u00e1lata<\/span><\/li>\n<li><span style=\"font-size: 12pt; font-family: georgia,palatino,serif;\">Korl\u00e1tlan PLU kezel\u00e9se PC -vel<\/span><\/li>\n<li><span style=\"font-size: 12pt; font-family: georgia,palatino,serif;\">Vonalk\u00f3dolvas\u00f3, m\u00e9rleg, bankk\u00e1rtya olvas\u00f3, <\/span><span style=\"font-size: 12pt; font-family: georgia,palatino,serif;\">akt\u00edv p\u00e9nzt\u00e1rg\u00e9p fi\u00f3k csatlakoztat\u00e1si lehet\u0151s\u00e9g<\/span><\/li>\n<li><span style=\"font-size: 12pt; font-family: georgia,palatino,serif;\">Elektronikus nyugta m\u00e1solat<\/span><\/li>\n<li><span style=\"font-size: 12pt; font-family: georgia,palatino,serif;\">Akkumul\u00e1toros m\u0171k\u00f6d\u00e9s (2000 nyugta)<\/span><\/li>\n<\/ul>\n<p><strong><span style=\"font-size: 12pt; font-family: georgia,palatino,serif;\">AMIT HANGS\u00daLYOZNI \u00c9RDEMES<\/span><\/strong><\/p>\n<ul>\n<li><span style=\"font-size: 12pt; font-family: georgia,palatino,serif;\">Az els\u0151 magyar tan\u00fas\u00edtv\u00e1nnyal rendelkez\u0151 p\u00e9nzt\u00e1rg\u00e9p<\/span><\/li>\n<li><span style=\"font-size: 12pt; font-family: georgia,palatino,serif;\">Az els\u0151 p\u00e9nzt\u00e1rg\u00e9pek, melyeket t\u00e9nylegesen telep\u00edtettek Magyarorsz\u00e1gon<\/span><\/li>\n<li><span style=\"font-size: 12pt; font-family: georgia,palatino,serif;\">Sz\u00e1ml\u00e1k elektronikus m\u00e1solata.<\/span><\/li>\n<\/ul>\n<p><strong><span style=\"font-size: 12pt; font-family: georgia,palatino,serif;\">A P\u00c9NZT\u00c1RG\u00c9P EL\u0150NYEI<\/span><\/strong><br \/>\n<span style=\"font-size: 12pt; font-family: georgia,palatino,serif;\"> 1. Kiv\u00e1l\u00f3 min\u0151s\u00e9g\u0171 alegys\u00e9gek.<\/span><br \/>\n<span style=\"font-size: 12pt; font-family: georgia,palatino,serif;\"> 2. Grafikus kijelz\u0151k.<\/span><br \/>\n<span style=\"font-size: 12pt; font-family: georgia,palatino,serif;\"> 3. Sz\u00e1mos valutanem kiszolg\u00e1l\u00e1sa.<\/span><br \/>\n<span style=\"font-size: 12pt; font-family: georgia,palatino,serif;\"> 4. Hozz\u00e1f\u00e9r\u00e9si jogok sz\u00e9lesk\u00f6r\u0171 meghat\u00e1roz\u00e1sa.<\/span><br \/>\n<span style=\"font-size: 12pt; font-family: georgia,palatino,serif;\"> 5. H\u0171s\u00e9gprogramok kezel\u00e9s\u00e9nek t\u00e1mogat\u00e1sa.<\/span><br \/>\n<span style=\"font-size: 12pt; font-family: georgia,palatino,serif;\"> 6. Microsoft tan\u00fas\u00edtv\u00e1nnyal ell\u00e1tott USB.<\/span><br \/>\n<span style=\"font-size: 12pt; font-family: georgia,palatino,serif;\"> 7. Rakt\u00e1r\u00e1llapot ellen\u0151rz\u00e9se.<\/span><br \/>\n<span style=\"font-size: 12pt; font-family: georgia,palatino,serif;\"> 8. A p\u00e9nzt\u00e1ros munk\u00e1j\u00e1t monitoroz\u00f3 online puffer.<\/span><br \/>\n<span style=\"font-size: 12pt; font-family: georgia,palatino,serif;\"> 9. Gyorselad\u00e1s gombok defini\u00e1l\u00e1sa.<\/span><\/p>\n<p><strong><span style=\"font-size: 12pt; font-family: georgia,palatino,serif;\">A P\u00c9NZT\u00c1RG\u00c9P PARAM\u00c9TEREI<\/span><\/strong><\/p>\n<ul>\n<li><span style=\"font-size: 12pt; font-family: georgia,palatino,serif;\">PLU sz\u00e1m\u00a0\u00a0 \u00a016000<\/span><\/li>\n<li><span style=\"font-size: 12pt; font-family: georgia,palatino,serif;\">P\u00e9nzt\u00e1rosok sz\u00e1ma\u00a0\u00a0 \u00a016<\/span><\/li>\n<li><span style=\"font-size: 12pt; font-family: georgia,palatino,serif;\">\u00c1rucikk gy\u0171jt\u0151k sz\u00e1ma\u00a0\u00a0 \u00a0\u2013<\/span><\/li>\n<li><span style=\"font-size: 12pt; font-family: georgia,palatino,serif;\">Csatolt \u00e1rucikkek\u00a0\u00a0 \u00a00<\/span><\/li>\n<\/ul>\n<p><strong><span style=\"font-size: 12pt; font-family: georgia,palatino,serif;\">NYOMTAT\u00d3 MECHANIZMUS<\/span><\/strong><\/p>\n<ul>\n<li><span style=\"font-size: 12pt; font-family: georgia,palatino,serif;\">Fajt\u00e1ja: \u00a0\u00a0 termikus<\/span><\/li>\n<li><span style=\"font-size: 12pt; font-family: georgia,palatino,serif;\">T\u00edpusa: \u00a0\u00a0 Fujitsu<\/span><\/li>\n<li><span style=\"font-size: 12pt; font-family: georgia,palatino,serif;\">Nyomtat\u00e1si sebess\u00e9g: \u00a0\u00a0 16 sor\/ m\u00e1sodperc<\/span><\/li>\n<li><span style=\"font-size: 12pt; font-family: georgia,palatino,serif;\">Pap\u00edrsz\u00e9less\u00e9g\/hossz: \u00a0\u00a0 57\/60m<\/span><\/li>\n<\/ul>\n<p><strong><span style=\"font-size: 12pt; font-family: georgia,palatino,serif;\">BILLENTY\u0170ZET<\/span><\/strong><\/p>\n<ul>\n<li><span style=\"font-size: 12pt; font-family: georgia,palatino,serif;\">Fajt\u00e1ja: \u00a0\u00a0 alfanumerikus, programozhat\u00f3, cherry<\/span><\/li>\n<li><span style=\"font-size: 12pt; font-family: georgia,palatino,serif;\">Billenty\u0171k sz\u00e1ma: \u00a0\u00a0 33<\/span><\/li>\n<li><span style=\"font-size: 12pt; font-family: georgia,palatino,serif;\">Gyorselad\u00e1s gombok vagy funkcion\u00e1lis billenty\u0171k sz\u00e1ma: 14 (28 kombin\u00e1ci\u00f3) + 10 gyorselad\u00e1s m\u00f3dban<\/span><\/li>\n<\/ul>\n<p><strong><span style=\"font-size: 12pt; font-family: georgia,palatino,serif;\">KIJELZ\u0150K<\/span><\/strong><\/p>\n<ul>\n<li><span style=\"font-size: 12pt; font-family: georgia,palatino,serif;\">Elad\u00f3oldali kijelz\u0151: \u00a0\u00a0 grafikus LCD h\u00e1tt\u00e9rvil\u00e1g\u00edt\u00e1ssal, 132\u00d732 pixel, k\u00e9k 4\u00d722<\/span><\/li>\n<li><span style=\"font-size: 12pt; font-family: georgia,palatino,serif;\">Vev\u0151oldali kijelz\u0151\u00a0\u00a0 \u00a0grafikus LCD h\u00e1tt\u00e9rvil\u00e1g\u00edt\u00e1ssal, 132\u00d732 pixel, k\u00e9k 4\u00d722<\/span><\/li>\n<li><span style=\"font-size: 12pt; font-family: georgia,palatino,serif;\">Portok: \u00a0\u00a0 1xRS232, 1xUSB AEE-hez, 1xUSB Host<\/span><\/li>\n<li style=\"text-align: justify;\"><span style=\"font-size: 12pt; font-family: georgia,palatino,serif;\">K\u00fcls\u0151 eszk\u00f6z\u00f6kkel val\u00f3 egy\u00fcttm\u0171k\u00f6d\u00e9s: \u00a0\u00a0 sz\u00e1m\u00edt\u00f3g\u00e9p, RS232\/USB, leolvas\u00f3, RS232, USB olvas\u00f3, m\u00e9rleg, modem, EFT termin\u00e1l, megrendel\u00e9s nyomtat\u00f3, monitoring<\/span><\/li>\n<\/ul>\n<p><strong><span style=\"font-size: 12pt; font-family: georgia,palatino,serif;\">T\u00c1PELL\u00c1T\u00c1S<\/span><\/strong><\/p>\n<ul>\n<li><span style=\"font-size: 12pt; font-family: georgia,palatino,serif;\">H\u00e1l\u00f3zati: \u00a0\u00a0 230V 24V 1, 25A<\/span><\/li>\n<li><span style=\"font-size: 12pt; font-family: georgia,palatino,serif;\">M\u00e1sodlagos \u00e1ramforr\u00e1s: \u00a0\u00a0 6V 3Ah<\/span><\/li>\n<\/ul>\n<p><strong><span style=\"font-size: 12pt; font-family: georgia,palatino,serif;\">M\u00c9RETEK<\/span><\/strong><\/p>\n<ul>\n<li><span style=\"font-size: 12pt; font-family: georgia,palatino,serif;\">Sz\u00e9less\u00e9g x m\u00e9lys\u00e9g x magass\u00e1g (mm): \u00a0\u00a0 299x212x100<\/span><\/li>\n<li><span style=\"font-size: 12pt; font-family: georgia,palatino,serif;\">S\u00faly: \u00a0\u00a0 1, 8 kg<\/span><\/li>\n<\/ul>\n<p>&nbsp;<\/p>\n","protected":false},"excerpt":{"rendered":"<p>TERM\u00c9KLE\u00cdR\u00c1S A SENTO kis \u00e9s k\u00f6zepes kereskedelmi vagy szolg\u00e1ltat\u00f3 v\u00e1llalkoz\u00e1soknak dedik\u00e1lt rendk\u00edv\u00fcl modern p\u00e9nzt\u00e1rg\u00e9p, mely rendelkezik a sz\u00e1ml\u00e1k elektronikus hordoz\u00f3ra (SD k\u00e1rtya) t\u00f6rt\u00e9n\u0151 m\u00e1sol\u00e1s\u00e1t t\u00e1mogat\u00f3 funkci\u00f3val. A kicsi, praktikus p\u00e9nzt\u00e1rg\u00e9p olyan fejlett technol\u00f3gi\u00e1t \u00e9s funkcionalit\u00e1st rejt mag\u00e1ban, melyekkel eddig csak a nagy rendszerp\u00e9nzt\u00e1rak rendelkeztek. Mindez alaposan letesztelt, kiv\u00e1l\u00f3 min\u0151s\u00e9g\u0171 alegys\u00e9gekkel p\u00e1rosul. A kateg\u00f3ri\u00e1j\u00e1t tekintve rendk\u00edv\u00fcl [&hellip;]<\/p>\n","protected":false},"author":1,"featured_media":0,"parent":0,"menu_order":0,"comment_status":"closed","ping_status":"closed","template":"","meta":{"footnotes":""},"class_list":["post-87","page","type-page","status-publish","hentry"],"_links":{"self":[{"href":"https:\/\/berenypenztargep.hu\/index.php\/wp-json\/wp\/v2\/pages\/87"}],"collection":[{"href":"https:\/\/berenypenztargep.hu\/index.php\/wp-json\/wp\/v2\/pages"}],"about":[{"href":"https:\/\/berenypenztargep.hu\/index.php\/wp-json\/wp\/v2\/types\/page"}],"author":[{"embeddable":true,"href":"https:\/\/berenypenztargep.hu\/index.php\/wp-json\/wp\/v2\/users\/1"}],"replies":[{"embeddable":true,"href":"https:\/\/berenypenztargep.hu\/index.php\/wp-json\/wp\/v2\/comments?post=87"}],"version-history":[{"count":4,"href":"https:\/\/berenypenztargep.hu\/index.php\/wp-json\/wp\/v2\/pages\/87\/revisions"}],"predecessor-version":[{"id":149,"href":"https:\/\/berenypenztargep.hu\/index.php\/wp-json\/wp\/v2\/pages\/87\/revisions\/149"}],"wp:attachment":[{"href":"https:\/\/berenypenztargep.hu\/index.php\/wp-json\/wp\/v2\/media?parent=87"}],"curies":[{"name":"wp","href":"https:\/\/api.w.org\/{rel}","templated":true}]}}